and 63840.
105
What is the highest common divisor of 388 and 24638?
194
Calculate the greatest common divisor of 430566 and 18.
6
What is the highest common factor of 23 and 133883?
23
What is the highest common divisor of 3225 and 687?
3
What is the highest common divisor of 1182 and 34?
2
Calculate the highest common divisor of 65605 and 50.
5
What is the greatest common factor of 206882 and 146?
146
What is the greatest common divisor of 207 and 42090?
69
Calculate the highest common divisor of 213320 and 160.
40
Calculate the highest common divisor of 8 and 30242.
2
Calculate the greatest common factor of 138996 and 155628.
1188
Calculate the greatest common factor of 300 and 116700.
300
What is the highest common factor of 1660680 and 140?
140
What is the highest common factor of 58534 and 4144?
518
What is the highest common divisor of 22700 and 270?
10
What is the greatest common divisor of 2164373 and 251?
251
Calculate the greatest common divisor of 3317930 and 310.
310
What is the highest common factor of 58 and 219704?
58
Calculate the greatest common factor of 3197 and 59938.
23
Calculate the highest common divisor of 27979 and 7399.
49
What is the greatest common factor of 5 and 834330?
5
Calculate the highest common factor of 3445 and 1885.
65
What is the greatest common divisor of 96 and 1368?
24
What is the highest common factor of 2176 and 578?
34
What is the greatest common factor of 200 and 6520?
40
What is the greatest common divisor of 74 and 12913?
37
What is the greatest common factor of 60 and 397965?
15
Calculate the highest common factor of 416 and 75424.
32
What is the greatest common divisor of 427938 and 18?
6
What is the highest common divisor of 12160 and 70?
10
What is the greatest common divisor of 468 and 42276?
156
What is the highest common divisor of 555084 and 1224?
612
Calculate the highest common factor of 10591 and 1717.
17
Calculate the highest common divisor of 390 and 2172378.
78
What is the greatest common factor of 404 and 47?
1
Calculate the highest common divisor of 78306 and 558.
186
Calculate the highest common factor of 176 and 4462832.
176
What is the highest common divisor of 39640 and 40?
40
Calculate the highest common divisor of 2014120 and 172.
172
What is the highest common factor of 376180 and 40?
20
What is the highest common divisor of 421850 and 260?
130
What is the highest common divisor of 111683 and 497?
71
What is the greatest common factor of 176 and 4004?
44
What is the greatest common factor of 275 and 17325?
275
Calculate the greatest common divisor of 10735 and 3325.
95
What is the highest common factor of 102 and 115422?
6
Calculate the greatest common divisor of 64261 and 10411.
359
Calculate the highest common factor of 24089 and 884.
221
What is the highest common divisor of 2425 and 125?
25
Calculate the greatest common factor of 897 and 35742.
69
What is the greatest common divisor of 933 and 64?
1
Calculate the highest common factor of 1551 and 708.
3
Calculate the greatest common factor of 52 and 6422.
26
Calculate the highest common divisor of 133 and 925.
1
Calculate the greatest common divisor of 100 and 277175.
25
Calculate the highest common divisor of 24309 and 12691.
37
Calculate the greatest common factor of 120 and 138855.
15
Calculate the greatest common divisor of 11159 and 2.
1
What is the highest common divisor of 20 and 4394540?
20
Calculate the highest common divisor of 62670 and 20.
10
Calculate the highest common divisor of 22071 and 1659.
21
What is the highest common divisor of 14656 and 320?
64
Calculate the greatest common divisor of 1197945 and 315.
315
What is the greatest common factor of 24 and 20829?
3
What is the highest common divisor of 10818895 and 970?
485
Calculate the greatest common factor of 134432 and 16.
16
Calculate the greatest common factor of 581 and 294235.
83
Calculate the highest common factor of 6784 and 954.
106
Calculate the highest common divisor of 36955 and 95.
95
What is the highest common factor of 709130 and 50?
10
What is the greatest common divisor of 99796 and 3294?
122
What is the greatest common divisor of 1595 and 13079?
319
Calculate the highest common divisor of 1351159 and 177.
59
Calculate the greatest common factor of 15678 and 234.
234
Calculate the highest common divisor of 274288 and 159185.
2449
What is the highest common factor of 59946 and 12669?
309
Calculate the greatest common factor of 66342 and 24.
6
What is the highest common factor of 1152 and 1408?
128
Calculate the highest common factor of 328 and 3526.
82
What is the greatest common divisor of 48960 and 7412?
68
Calculate the highest common factor of 170324 and 224.
28
Calculate the highest common divisor of 1089 and 87967.
121
Calculate the highest common factor of 83480 and 35.
5
Calculate the highest common factor of 216445 and 1779.
593
What is the highest common factor of 858 and 19851?
39
What is the highest common divisor of 156 and 102972?
12
Calculate the greatest common factor of 392926 and 446.
446
Calculate the greatest common divisor of 21851 and 47.
1
Calculate the highest common factor of 1521 and 113061.
507
What is the greatest common divisor of 8100 and 100?
100
What is the highest common factor of 2432 and 3268?
76
Calculate the highest common divisor of 1025088 and 133.
19
Calculate the greatest common divisor of 30769 and 29.
29
Calculate the highest common divisor of 967130 and 68.
34
Calculate the highest common divisor of 1912 and 1909132.
956
What is the highest common divisor of 160831 and 341?
11
Calculate the greatest common divisor of 127567 and 33.
11
Calculate the highest common divisor of 415 and 115.
5
Calculate the greatest common divisor of 54360 and 7512.
24
Calculate the greatest common factor of 3157 and 231.
77
Calculate the greatest common factor of 2821 and 54033.
217
Calculate the greatest common factor of 172546 and 2057.
121
What is the highest common factor of 44 and 668129?
11
What is the greatest common factor of 1998898 and 3784?
946
What is the greatest common divisor of 1923375 and 45?
15
What is the greatest common factor of 204 and 105366?
102
Calculate the highest common factor of 12 and 3695.
1
Calculate the greatest common divisor of 21 and 150297.
21
Calculate the highest common factor of 10 and 429610.
10
Calculate the highest common divisor of 702 and 371826.
234
Calculate the highest common factor of 237 and 2903961.
237
What is the greatest common divisor of 929 and 155143?
929
Calculate the greatest common factor of 31416 and 693.
231
What is the greatest common factor of 35196 and 1470?
42
Calculate the highest common divisor of 2387 and 448.
7
What is the greatest common factor of 12692 and 16700?
668
Calculate the greatest common factor of 17229 and 12.
3
Calculate the greatest common factor of 122 and 126941.
61
What is the greatest common factor of 150 and 966400?
50
What is the highest common factor of 7004 and 9167?
103
Calculate the highest common factor of 652 and 815.
163
Calculate the greatest common factor of 20240 and 115280.
880
Calculate the highest common divisor of 4 and 135862.
2
What is the highest common factor of 12 and 144588?
12
What is the greatest common factor of 237542 and 3504?
146
What is the greatest common factor of 3375 and 26625?
375
What is the highest common divisor of 171215 and 110?
55
Calculate the highest common divisor of 2045 and 2210236.
409
Calculate the highest common factor of 1635200 and 245.
35
What is the highest common divisor of 8 and 12908?
4
What is the highest common factor of 5738100 and 186?
186
What is the greatest common factor of 1224 and 12408?
24
Calculate the greatest common factor of 430 and 190920.
430
What is the highest common factor of 1584 and 12936?
264
Calculate the greatest common divisor of 467043 and 906.
453
What is the greatest common divisor of 864 and 3376?
16
What is the greatest common divisor of 1708 and 20252?
244
What is the greatest common divisor of 1079 and 27224?
83
Calculate the greatest common divisor of 86738 and 434.
62
Calculate the greatest common divisor of 253 and 163967.
23
Calculate the greatest common divisor of 2481869 and 13.
13
Calculate the highest common divisor of 666 and 